isor of h and 6060.
12
Suppose -18 = -20*c + 222. Suppose 7*m = 10*m - c. What is the greatest common divisor of m and 17?
1
Suppose -6*j + 932 - 3128 = 0. Let o = j - -371. What is the greatest common factor of 4 and o?
1
Let h(t) = 2*t**3 + 79*t**2 + 114*t + 15. Let o be h(-38). Calculate the highest common factor of o and 25.
5
Let o be (-706)/(-11) - (-6)/(-33). Suppose 121*h - 450*h = -357952. What is the highest common divisor of h and o?
64
Suppose 347*q = 349338 + 1575471. Calculate the highest common factor of q and 258.
129
Let v(l) = l**3 + 9*l**2 + 18*l + 1. Let q be v(-6). Suppose -4 + q = -3*h, -2*s + 197 = 5*h. Calculate the highest common factor of s and 128.
32
Suppose 0 = 2*j - 304 - 18. Let g = -737 + 401. Let p = -313 - g. Calculate the greatest common divisor of j and p.
23
Let q(o) be the third derivative of -o**4/4 + 59*o**3/6 + 19*o**2. Let m be q(10). Let w be 1 - (-65 + m)/6. What is the highest common factor of 156 and w?
12
Let i = 282 - 78. Let q = 299 - i. What is the highest common divisor of 665 and q?
95
Suppose 237*p + 126 = 251*p. Calculate the highest common factor of p and 99.
9
Suppose 5 = -5*i, -4*f - 6*i + 181 = -3*i. Suppose f*r = 50*r - 972. What is the greatest common divisor of r and 18?
9
Let q = -85 + 95. Let u be ((-5)/(-4))/((-6)/(-24)). Suppose -609 = -u*t - x - 162, -2*t + x + 183 = 0. What is the greatest common factor of q and t?
10
Let o(h) = -60*h - 34. Let i be o(-5). Suppose -4*j = 3*j - i. Calculate the highest common factor of j and 38.
38
Let y be 3 - (-2 - (-2 + -1)). Suppose 2 = y*i - 6. Suppose k = -4*r + 4*k + 157, 2*r - 62 = -i*k. What is the highest common factor of 185 and r?
37
Suppose -14*g + 19*g - 15 = 0, g = -2*l - 155. Let o be 75/20*(-1 - -37). Let y = o + l. Calculate the greatest common divisor of 14 and y.
14
Let w = 688 - -1237. Calculate the greatest common divisor of 22 and w.
11
Let a(s) = -s + 13. Let j be a(5). Let k = 48 - j. Suppose -5 - k = -5*x. Calculate the highest common divisor of 9 and x.
9
Let y be (80/(-12))/5*-3. Suppose y*n + 83 - 343 = 0. Calculate the greatest common divisor of n and 520.
65
Let f(y) = 9*y + 7*y**3 - 5*y**3 + 334 + 19*y**2 - 271. Let i be f(-9). What is the greatest common divisor of i and 27?
9
Suppose 22*l = 13*l + 99. Let p = 123 - 112. What is the greatest common factor of l and p?
11
Suppose 5*k - u - 530 = 0, 2*k = 3*u - 0*u + 225. Calculate the greatest common divisor of k and 805.
35
Suppose 5*t - 5 = 10*b - 15*b, -23 = 5*b - 2*t. Let u be b/(-8) - 207/(-24) - 4. What is the greatest common divisor of 15 and u?
5
Let c(v) = 4*v + 217. Let n be c(-48). What is the greatest common factor of n and 1600?
25
Let t = 883 + -587. Let u = t - 167. Calculate the highest common divisor of 86 and u.
43
Let u = -2837 + 3109. What is the greatest common divisor of u and 64?
16
Let d = 1052 + -800. Suppose -5*c - 3*n + d = -7*n, 5*c + n - 237 = 0. What is the greatest common factor of 204 and c?
12
Let g(k) = -13*k + 44. Let o be g(2). Let t(u) = 11*u + 106. Let n be t(o). What is the highest common factor of n and 19?
19
Let c = -267 + 428. Suppose 11*a = 13*a - 14. Calculate the greatest common factor of c and a.
7
Let i(l) = l**2 + 2*l + 4. Let k be i(3). Let m = -136 + 140. Suppose 4*a - 3*q = 541, a + m*a - q = 668. What is the highest common divisor of a and k?
19
Let k be (-3 - 5/(-2)) + 310/(-4). Let p = k - -81. Suppose p*z = 11*z - 1800. Calculate the greatest common factor of z and 25.
25
Suppose 918*a = 904*a + 51324. What is the highest common factor of a and 282?
282
Let v = -17 + 31. Let t be (6/9)/(8/396). Let j = t + -31. Calculate the greatest common divisor of v and j.
2
Let t be -3*20/12 - 104*-1. Suppose 3*p + 4 = 34. Suppose i - p*i = -t. What is the greatest common factor of i and 1?
1
Suppose 70*w - 65 = 47*w + 970. Let c = 173 + 37. Calculate the greatest common divisor of c and w.
15
Let l(j) = 6*j**2 - 76*j + 198. Let d be l(3). What is the greatest common divisor of 582 and d?
6
Suppose -2*a = 3*o - 11, 4*a - 6 - 37 = o. Let w be ((-48)/(-20))/((-2)/10 + 0). Let g be -5 - 1 - (w + -44). Calculate the highest common factor of g and a.
10
Let x = -917 + 495. Let o = x - -1073. Calculate the highest common divisor of o and 31.
31
Let i = -3605 - -3674. What is the highest common divisor of 9 and i?
3
Suppose 29*f = 38*f + 2745. Let m = 331 + f. Calculate the greatest common divisor of m and 286.
26
Let k be ((782/(-115))/((-8)/3730))/(2/8). Calculate the greatest common divisor of k and 34.
34
Suppose 80 = 15*m + 20. Suppose 2*g - 102 = -4*y, -3*y + 0*y = 4*g - 209. Let c = g - 33. What is the greatest common divisor of m and c?
4
Let y(m) = 17*m**2 + 18*m - 88. Let x be y(5). Calculate the greatest common divisor of 671 and x.
61
Suppose 0 = -743*d + 748*d + 5*m - 242150, 3*d - 145322 = m. What is the greatest common divisor of d and 117?
117
Let c(q) = 2*q**3 + 110*q**2 - 3*q - 150. Let k be c(-55). Calculate the highest common divisor of k and 295.
5
Let w(i) = -i**3 - 6*i**2 - 3*i - 25. Let a be w(-10). Suppose 3*l + 6*l - a = 0. Let v = -24 - -42. Calculate the highest common factor of l and v.
9
Let h = -117 - -123. Suppose 13 = h*j + 1. Let p be 3*j/4*2944/96. What is the greatest common divisor of 115 and p?
23
Let x be (-4)/26 + 22/143. Suppose x = -2*y + 3*y - 144. What is the highest common divisor of y and 16?
16
Let f be 4 + 123 + 4 + -2. Let n(p) = p**3 - 28*p**2 - 28*p + 57. Let i be n(29). What is the highest common divisor of f and i?
43
Suppose 2*u - 256 = -2*u. Let t = -27229 + 27231. Calculate the highest common factor of u and t.
2
Let g(y) = 16*y**2 - 37*y + 3. Suppose 5*c + 4 = 6*c + d, 3*c - 4*d = 26. Let t be g(c). What is the highest common factor of 42 and t?
21
Suppose 5*i + 22 - 92 = 0. Let q be 1182/(-8) + (-33)/(-44). Let f = -140 - q. Calculate the greatest common divisor of f and i.
7
Suppose 5*h = 718 + 2757. What is the highest common divisor of h and 834?
139
Let z = -42 - -46. Let h be -5 + z + 144/1. What is the highest common factor of h and 13?
13
Suppose 0 = 20*f - 1860 - 47580. What is the greatest common factor of 24 and f?
24
Let o be (6/4)/(10 - (-247)/234*-9). Calculate the greatest common factor of o and 471.
3
Let b = -179 + 35. Let p = -80 - b. Suppose p = -5*s - 2*h + 643, 2*s + 5*h = 240. Calculate the greatest common divisor of s and 23.
23
Let s be 3*44/(-36)*-15. Let w(g) = 8*g**2 - 4*g. Let y be w(-5). Calculate the greatest common divisor of y and s.
55
Let p(b) = 3*b**2 + 9*b - 919. Let u be p(-25). What is the highest common divisor of u and 1161?
43
Let g(b) = 3*b**3 - b**2 - b + 7. Let c(d) = -3*d**3 - 8. Let r(a) = -5*c(a) - 6*g(a). Let x be r(-2). What is the highest common divisor of x and 4?
2
Let j be -8*1/48 + (-1058)/(-12). Suppose -14 = -g - 3. Calculate the greatest common divisor of j and g.
11
Suppose -180648 = -22*a + 20*a - 50*a. What is the highest common divisor of 18 and a?
18
Let b = -97 - 29. Let f = 128 + b. Suppose -f*y - z = 5 - 110, 2*y + 4*z = 96. What is the greatest common divisor of y and 36?
18
Let b = 473 + -407. Let l = 1931 - 1337. Calculate the greatest common factor of b and l.
66
Let t(r) = r**2 - 2*r + 1. Suppose 479 - 86 = -3*w. Let u = w + 135. Let s be t(u). What is the highest common factor of 171 and s?
9
Suppose -28*u + 24*u + 3*p = -4165, u + 5*p - 1070 = 0. What is the greatest common divisor of 275 and u?
55
Suppose 5*t + 3*t + 60 = 11*t. Calculate the greatest common divisor of t and 235.
5
Suppose -3*x + 7*f = 5*f - 14, -5*x - 4*f + 16 = 0. Suppose 5*j = -0*j, 2*q - x*j = 16. What is the greatest common factor of q and 1?
1
Let v(r) = r**3 + 73*r**2 + 209*r + 86. Let k be v(-70). Calculate the highest common factor of k and 234.
78
Let i(b) = 32*b - 554. Let a be i(19). What is the highest common factor of a and 1647?
27
Let i be (-3327232)/(-560) + (-2)/7 - (-4)/(-20). Calculate the highest common factor of 143 and i.
13
Let q = -8661 + 8669. Let t = -43 + 135. What is the greatest common factor of q and t?
4
Let h(b) = 2*b**2 - 9*b + 52. Let l be h(8). Suppose 3*c = 5*m - l, 2*m - 56 = -16*c + 14*c. What is the highest common factor of m and 15?
3
Suppose -64 = -4*z - 0*z. Let y(k) = -k**2 + 3*k - 20. L